{"id":8,"date":"2025-09-25T07:06:36","date_gmt":"2025-09-25T07:06:36","guid":{"rendered":"https:\/\/www.czadowatablica.pl\/?page_id=8"},"modified":"2025-09-25T07:06:36","modified_gmt":"2025-09-25T07:06:36","slug":"o-blogu","status":"publish","type":"page","link":"https:\/\/czadowatablica.pl\/?page_id=8","title":{"rendered":"O blogu"},"content":{"rendered":"\n<p>Ogr\u00f3d to nie tylko ro\u015bliny \u2013 to ma\u0142y \u015bwiat pe\u0142en \u017cycia, w kt\u00f3rym ka\u017cde \u017ad\u017ab\u0142o trawy, ka\u017cda kropla wody i ka\u017cda d\u017cd\u017cownica odgrywaj\u0105 swoj\u0105 rol\u0119. \u201eOgr\u00f3d Pe\u0142en \u017bycia\u201d powsta\u0142 z pasji do tworzenia przestrzeni pi\u0119knej, zdrowej i bliskiej naturze. To miejsce dla wszystkich, kt\u00f3rzy chc\u0105 czerpa\u0107 rado\u015b\u0107 z ogrodnictwa, nawet je\u015bli dopiero zaczynaj\u0105 swoj\u0105 przygod\u0119.<\/p>\n\n\n\n<p>Na blogu znajdziesz:<br>\ud83c\udf31 praktyczne porady dotycz\u0105ce uprawy ro\u015blin w ogrodzie, szklarni i na balkonie<br>\ud83d\udca7 wskaz\u00f3wki, jak m\u0105drze gospodarowa\u0107 wod\u0105 i nawozami<br>\ud83c\udf45 inspiracje do prowadzenia ekologicznego warzywnika i sadu<br>\ud83c\udf38 pomys\u0142y na pi\u0119kne rabaty kwiatowe i zdrowy trawnik<br>\ud83d\udc1d wiedz\u0119, jak wspiera\u0107 bior\u00f3\u017cnorodno\u015b\u0107 i chroni\u0107 ogr\u00f3d w naturalny spos\u00f3b<\/p>\n\n\n\n<p>\u201eOgr\u00f3d Pe\u0142en \u017bycia\u201d to przestrze\u0144, w kt\u00f3rej natura spotyka si\u0119 z praktyk\u0105, a ka\u017cdy ogrodnik \u2013 niezale\u017cnie od do\u015bwiadczenia \u2013 znajdzie co\u015b dla siebie.<\/p>\n","protected":false},"excerpt":{"rendered":"<p>Ogr\u00f3d to nie tylko ro\u015bliny \u2013 to ma\u0142y \u015bwiat pe\u0142en \u017cycia, w kt\u00f3rym ka\u017cde \u017ad\u017ab\u0142o trawy, ka\u017cda kropla wody i ka\u017cda d\u017cd\u017cownica odgrywaj\u0105 swoj\u0105 rol\u0119. \u201eOgr\u00f3d Pe\u0142en \u017bycia\u201d powsta\u0142 z pasji do tworzenia przestrzeni pi\u0119knej, zdrowej i bliskiej naturze. To miejsce dla wszystkich, kt\u00f3rzy chc\u0105 czerpa\u0107 rado\u015b\u0107 z ogrodnictwa, nawet je\u015bli dopiero zaczynaj\u0105 swoj\u0105 przygod\u0119.&hellip;<\/p>\n<p><a class=\"more-link\" href=\"https:\/\/czadowatablica.pl\/?page_id=8\" title=\"Continue reading &lsquo;O blogu&rsquo;\">Continue reading <span class=\"meta-nav\">&rarr;<\/span><\/a><\/p>\n","protected":false},"author":1,"featured_media":0,"parent":0,"menu_order":0,"comment_status":"closed","ping_status":"closed","template":"","meta":{"footnotes":""},"class_list":["post-8","page","type-page","status-publish","hentry"],"_links":{"self":[{"href":"https:\/\/czadowatablica.pl\/index.php?rest_route=\/wp\/v2\/pages\/8","targetHints":{"allow":["GET"]}}],"collection":[{"href":"https:\/\/czadowatablica.pl\/index.php?rest_route=\/wp\/v2\/pages"}],"about":[{"href":"https:\/\/czadowatablica.pl\/index.php?rest_route=\/wp\/v2\/types\/page"}],"author":[{"embeddable":true,"href":"https:\/\/czadowatablica.pl\/index.php?rest_route=\/wp\/v2\/users\/1"}],"replies":[{"embeddable":true,"href":"https:\/\/czadowatablica.pl\/index.php?rest_route=%2Fwp%2Fv2%2Fcomments&post=8"}],"version-history":[{"count":0,"href":"https:\/\/czadowatablica.pl\/index.php?rest_route=\/wp\/v2\/pages\/8\/revisions"}],"wp:attachment":[{"href":"https:\/\/czadowatablica.pl\/index.php?rest_route=%2Fwp%2Fv2%2Fmedia&parent=8"}],"curies":[{"name":"wp","href":"https:\/\/api.w.org\/{rel}","templated":true}]}}